{"id":338,"date":"2021-06-17T13:29:21","date_gmt":"2021-06-17T13:29:21","guid":{"rendered":"https:\/\/myhapartners.com\/?page_id=338"},"modified":"2021-06-17T13:33:19","modified_gmt":"2021-06-17T13:33:19","slug":"mentions-legales","status":"publish","type":"page","link":"https:\/\/myhapartners.com\/index.php\/mentions-legales\/","title":{"rendered":"Mentions l\u00e9gales"},"content":{"rendered":"\t\t<div data-elementor-type=\"wp-page\" data-elementor-id=\"338\" class=\"elementor elementor-338\" data-elementor-settings=\"[]\">\n\t\t\t\t\t\t\t<div class=\"elementor-section-wrap\">\n\t\t\t\t\t\t\t<section class=\"elementor-section elementor-top-section elementor-element elementor-element-2522e2a0 elementor-section-boxed elementor-section-height-default elementor-section-height-default\" data-id=\"2522e2a0\" data-element_type=\"section\">\n\t\t\t\t\t\t<div class=\"elementor-container elementor-column-gap-default\">\n\t\t\t\t\t<div class=\"elementor-column elementor-col-100 elementor-top-column elementor-element elementor-element-28621a73\" data-id=\"28621a73\" data-element_type=\"column\">\n\t\t\t<div class=\"elementor-widget-wrap elementor-element-populated\">\n\t\t\t\t\t\t\t\t<div class=\"elementor-element elementor-element-8c403cc elementor-widget elementor-widget-spacer\" data-id=\"8c403cc\" data-element_type=\"widget\" data-widget_type=\"spacer.default\">\n\t\t\t\t<div class=\"elementor-widget-container\">\n\t\t\t\t\t<div class=\"elementor-spacer\">\n\t\t\t<div class=\"elementor-spacer-inner\"><\/div>\n\t\t<\/div>\n\t\t\t\t<\/div>\n\t\t\t\t<\/div>\n\t\t\t\t<div class=\"elementor-element elementor-element-2c760f0 elementor-widget elementor-widget-heading\" data-id=\"2c760f0\" data-element_type=\"widget\" data-widget_type=\"heading.default\">\n\t\t\t\t<div class=\"elementor-widget-container\">\n\t\t\t<h2 class=\"elementor-heading-title elementor-size-default\">MENTIONS LEGALES<\/h2>\t\t<\/div>\n\t\t\t\t<\/div>\n\t\t\t\t<div class=\"elementor-element elementor-element-34cd86f elementor-widget elementor-widget-spacer\" data-id=\"34cd86f\" data-element_type=\"widget\" data-widget_type=\"spacer.default\">\n\t\t\t\t<div class=\"elementor-widget-container\">\n\t\t\t\t\t<div class=\"elementor-spacer\">\n\t\t\t<div class=\"elementor-spacer-inner\"><\/div>\n\t\t<\/div>\n\t\t\t\t<\/div>\n\t\t\t\t<\/div>\n\t\t\t\t<div class=\"elementor-element elementor-element-19ae4bcb elementor-widget elementor-widget-text-editor\" data-id=\"19ae4bcb\" data-element_type=\"widget\" data-widget_type=\"text-editor.default\">\n\t\t\t\t<div class=\"elementor-widget-container\">\n\t\t\t\t\t\t\t\t<p><strong>\u00c9dition du site Internet<\/strong><\/p><p>Le site MyHa Partners (ci-apre\u0300s \u00ab le Site \u00bb), accessible a\u0300 l\u2019adresse myhapartners.com est e\u0301dite\u0301 par la socie\u0301te\u0301 MyHa Partners (ci-apre\u0300s \u00ab l\u2019\u00c9diteur \u00bb), SA au capital de 51.258.000 euros, dont le sie\u0300ge social est situe\u0301 27, avenue de l&#8217;Op\u00e9ra, 75001 Paris, immatricul\u00e9e sous le num\u00e9ro 880 473 111 RCS Paris.<\/p><p><strong>R\u00e9daction du site Internet<\/strong><\/p><p>Directeur de la publication : Joseph Gadenne<br \/>Contact : jg@myhapartners.com<\/p><p><strong>H\u00e9bergeur du site Internet<\/strong><\/p><p>Le site MyHa Partners est he\u0301berge\u0301 par OVH, SAS au capital de 10.069.020 euros, dont le si\u00e8ge social est situ\u00e92, rue Kellermann, 59100 Roubaix, immatricul\u00e9e sous le num\u00e9ro<br \/>424 761 419 RCS Lille<\/p><p><strong>Respect de la propri\u00e9t\u00e9 intellectuelle<\/strong><\/p><p>Toutes les marques, photographies, textes, commentaires, illustrations, images anime\u0301es ou non, se\u0301quences vide\u0301o, sons, ainsi que toutes les applications informatiques qui pourraient e\u0302tre utilise\u0301es pour faire fonctionner le Site et plus ge\u0301ne\u0301ralement tous les e\u0301le\u0301ments reproduits ou utilise\u0301s sur le Site sont prote\u0301ge\u0301s par les lois en vigueur au titre de la proprie\u0301te\u0301 intellectuelle.<\/p><p>Ils sont la proprie\u0301te\u0301 pleine et entie\u0300re de l\u2019Editeur ou de ses partenaires, sauf mentions particulie\u0300res. Toute reproduction, repre\u0301sentation, utilisation ou adaptation, sous quelque forme que ce soit, de tout ou partie de ces e\u0301le\u0301ments, y compris les applications informatiques, sans l\u2019accord pre\u0301alable et e\u0301crit de l\u2019Editeur, sont strictement interdites. Le fait pour l\u2019Editeur de ne pas engager de proce\u0301dure de\u0300s la prise de connaissance de ces utilisations non autorise\u0301es ne vaut pas acceptation desdites utilisations et renonciation aux poursuites.<\/p><p>Seule l\u2019utilisation pour un usage prive\u0301 dans un cercle de famille est autorise\u0301e et toute autre utilisation est constitutive de contrefac\u0327on et\/ou d\u2019atteinte aux droits voisins, sanctionne\u0301es par Code de la proprie\u0301te\u0301 intellectuelle.<\/p><p>La reprise de tout ou partie de ce contenu ne\u0301cessite l\u2019autorisation pre\u0301alable de l\u2019Editeur ou du titulaire des droits sur ce contenu.<\/p>\t\t\t\t\t\t<\/div>\n\t\t\t\t<\/div>\n\t\t\t\t\t<\/div>\n\t\t<\/div>\n\t\t\t\t\t\t\t<\/div>\n\t\t<\/section>\n\t\t\t\t\t\t<\/div>\n\t\t\t\t\t<\/div>\n\t\t","protected":false},"excerpt":{"rendered":"<p>MENTIONS LEGALES \u00c9dition du site Internet Le site MyHa Partners (ci-apre\u0300s \u00ab le Site \u00bb), accessible a\u0300 l\u2019adresse myhapartners.com est e\u0301dite\u0301 par la socie\u0301te\u0301 MyHa Partners (ci-apre\u0300s \u00ab l\u2019\u00c9diteur \u00bb), &#8230;<\/p>\n","protected":false},"author":1,"featured_media":0,"parent":0,"menu_order":0,"comment_status":"closed","ping_status":"closed","template":"","meta":{"footnotes":""},"class_list":["post-338","page","type-page","status-publish","hentry"],"_links":{"self":[{"href":"https:\/\/myhapartners.com\/index.php\/wp-json\/wp\/v2\/pages\/338","targetHints":{"allow":["GET"]}}],"collection":[{"href":"https:\/\/myhapartners.com\/index.php\/wp-json\/wp\/v2\/pages"}],"about":[{"href":"https:\/\/myhapartners.com\/index.php\/wp-json\/wp\/v2\/types\/page"}],"author":[{"embeddable":true,"href":"https:\/\/myhapartners.com\/index.php\/wp-json\/wp\/v2\/users\/1"}],"replies":[{"embeddable":true,"href":"https:\/\/myhapartners.com\/index.php\/wp-json\/wp\/v2\/comments?post=338"}],"version-history":[{"count":4,"href":"https:\/\/myhapartners.com\/index.php\/wp-json\/wp\/v2\/pages\/338\/revisions"}],"predecessor-version":[{"id":342,"href":"https:\/\/myhapartners.com\/index.php\/wp-json\/wp\/v2\/pages\/338\/revisions\/342"}],"wp:attachment":[{"href":"https:\/\/myhapartners.com\/index.php\/wp-json\/wp\/v2\/media?parent=338"}],"curies":[{"name":"wp","href":"https:\/\/api.w.org\/{rel}","templated":true}]}}